{"id":53,"date":"2018-07-30T16:57:39","date_gmt":"2018-07-30T16:57:39","guid":{"rendered":"http:\/\/www.xn--koskelankylnwalo-5nb.fi\/?page_id=53"},"modified":"2022-08-11T08:38:42","modified_gmt":"2022-08-11T08:38:42","slug":"koskelankylan-walo","status":"publish","type":"page","link":"http:\/\/www.xn--koskelankylnwalo-5nb.fi\/","title":{"rendered":""},"content":{"rendered":"<p>Koskelankyl\u00e4n Walon ty\u00f6v\u00e4entalo tarjoaa vuokrattavaksi juhla- ja tapahtumatilaa. Tiloja voi vuokrata erilaisten tilaisuuksien, perhejuhlien, tapahtumien ja kokousten j\u00e4rjest\u00e4miseksi. Tiloja vuokrataan sek\u00e4 yhdistyksille, yksityishenkil\u00f6ille ett\u00e4 yrityksille.<\/p>\n<p>Tanssitalona Walon vakiok\u00e4ytt\u00e4ji\u00e4 ovat Tanssikoulu Jari Aaltonen, Oulun El\u00e4kel\u00e4iset, Oulun Julkisen Alan el\u00e4kel\u00e4iset sek\u00e4 Oulun Ty\u00f6v\u00e4en El\u00e4kel\u00e4iset. El\u00e4kel\u00e4isyhdistykset j\u00e4rjest\u00e4v\u00e4t talvikaudella tansseja viikoittain.<\/p>\n<h3 style=\"text-align: center;\"><\/h3>\n<h4 style=\"text-align: center;\"><\/h4>\n","protected":false},"excerpt":{"rendered":"<p>Koskelankyl\u00e4n Walon ty\u00f6v\u00e4entalo tarjoaa vuokrattavaksi juhla- ja tapahtumatilaa. Tiloja voi vuokrata erilaisten tilaisuuksien, perhejuhlien, tapahtumien ja kokousten j\u00e4rjest\u00e4miseksi. Tiloja vuokrataan sek\u00e4 yhdistyksille, yksityishenkil\u00f6ille ett\u00e4 yrityksille. Tanssitalona Walon vakiok\u00e4ytt\u00e4ji\u00e4 ovat Tanssikoulu Jari Aaltonen, Oulun El\u00e4kel\u00e4iset, Oulun Julkisen Alan el\u00e4kel\u00e4iset sek\u00e4 Oulun Ty\u00f6v\u00e4en El\u00e4kel\u00e4iset. El\u00e4kel\u00e4isyhdistykset j\u00e4rjest\u00e4v\u00e4t talvikaudella tansseja viikoittain.<\/p>\n","protected":false},"author":1,"featured_media":9,"parent":83,"menu_order":0,"comment_status":"closed","ping_status":"closed","template":"","meta":[],"_links":{"self":[{"href":"http:\/\/www.xn--koskelankylnwalo-5nb.fi\/index.php?rest_route=\/wp\/v2\/pages\/53"}],"collection":[{"href":"http:\/\/www.xn--koskelankylnwalo-5nb.fi\/index.php?rest_route=\/wp\/v2\/pages"}],"about":[{"href":"http:\/\/www.xn--koskelankylnwalo-5nb.fi\/index.php?rest_route=\/wp\/v2\/types\/page"}],"author":[{"embeddable":true,"href":"http:\/\/www.xn--koskelankylnwalo-5nb.fi\/index.php?rest_route=\/wp\/v2\/users\/1"}],"replies":[{"embeddable":true,"href":"http:\/\/www.xn--koskelankylnwalo-5nb.fi\/index.php?rest_route=%2Fwp%2Fv2%2Fcomments&post=53"}],"version-history":[{"count":19,"href":"http:\/\/www.xn--koskelankylnwalo-5nb.fi\/index.php?rest_route=\/wp\/v2\/pages\/53\/revisions"}],"predecessor-version":[{"id":328,"href":"http:\/\/www.xn--koskelankylnwalo-5nb.fi\/index.php?rest_route=\/wp\/v2\/pages\/53\/revisions\/328"}],"up":[{"embeddable":true,"href":"http:\/\/www.xn--koskelankylnwalo-5nb.fi\/index.php?rest_route=\/wp\/v2\/pages\/83"}],"wp:featuredmedia":[{"embeddable":true,"href":"http:\/\/www.xn--koskelankylnwalo-5nb.fi\/index.php?rest_route=\/wp\/v2\/media\/9"}],"wp:attachment":[{"href":"http:\/\/www.xn--koskelankylnwalo-5nb.fi\/index.php?rest_route=%2Fwp%2Fv2%2Fmedia&parent=53"}],"curies":[{"name":"wp","href":"https:\/\/api.w.org\/{rel}","templated":true}]}}